- 4*d**2 + d + 6. Let j = -26 + 22. Let q be o(j). What is the highest common divisor of i and q?
2
Suppose 6*f = 3*f. Let c be (f + 8)/((-4)/(-6)). What is the greatest common divisor of c and 24?
12
Suppose 3*k = -12, 3*k - 8*k - 36 = -2*x. Let u = -79 + 77. Let n(h) = -16*h - 16. Let m be n(u). What is the greatest common factor of x and m?
8
Let l be ((-15)/3 - -2) + 3. Suppose l = q + 3*q. Suppose q = -2*m - 0*m + 2*p + 178, -p = 4*m - 336. Calculate the greatest common divisor of m and 17.
17
Suppose -5*w + 148 = -2*f, w - 34 = f - 5*f. Suppose 0 = -4*k - 2*y + 54, -75 = -0*k - 5*k - 5*y. Calculate the highest common factor of w and k.
6
Let a be 2 - (-3*4)/4. Suppose -a*k - 40 = 3*t - 162, -k = t - 42. What is the highest common factor of 11 and t?
11
Let s = -37 + 576. Calculate the greatest common factor of 308 and s.
77
Let r = -317 - -327. Calculate the highest common divisor of 70 and r.
10
Let y = -5 - -7. Suppose -5*f = -2*q + 6, f + 0 = -y*q + 30. Calculate the greatest common factor of q and 143.
13
Let y be (-4)/(-6) + 6*(-6)/(-108). Let o be (-99)/66 + (y - (-21)/2). Calculate the greatest common factor of 20 and o.
10
Let h = -454 + 462. Calculate the greatest common factor of 244 and h.
4
Let r be (-6)/(1 + 7/(-4)). Suppose 4*m = 3*a + 118, r = -5*m - 2. Let y = 64 + a. What is the highest common divisor of y and 33?
11
Suppose -2*c = 3*k - 67, -3*k = 5*c - k - 140. Let z be 225 + (7 - -9 - 7). Calculate the greatest common divisor of z and c.
26
Let k = -4 - -16. Let z = -16 + 19. Suppose 4*d + 12 = 0, f + 0*f = z*d + 105. What is the greatest common divisor of f and k?
12
Let y(h) = 16*h**2 + 4*h + 2. Let u be y(-4). Let j = -360 - -382. What is the greatest common factor of u and j?
22
Let h(n) = -38*n**3 + 2*n**2 + 2*n. Let z be h(-2). What is the greatest common divisor of z and 56?
28
Let k be (90/(-9) - -2)/(-1). What is the greatest common divisor of 832 and k?
8
Suppose 5 = -5*l, 8*h - 3*l = 3*h + 7003. What is the greatest common divisor of 14 and h?
14
Let x = -205 - -282. What is the greatest common divisor of x and 539?
77
Let c = 14 + 67. Suppose 0 = -n - 2*n + c. What is the greatest common factor of 243 and n?
27
Let f = 933 + -833. What is the highest common factor of 160 and f?
20
Suppose 2*f + 0*f - 3*o = 7, 5*f - 80 = -5*o. Calculate the highest common factor of 33 and f.
11
Suppose 5 = -3*x + 8. Suppose -2*z - 3 = 1. Let p = z - -3. Calculate the greatest common divisor of x and p.
1
Let t be 145/4 + 15/(-60). Let m be t*((-84)/9)/(-4). Suppose 3*y = -0*y + m. Calculate the highest common divisor of y and 14.
14
Let b(w) = -1 - 1 + 4*w - 1. Let d be (12/15)/(2/10). Let m be b(d). Calculate the highest common divisor of m and 104.
13
Let b = 135 + -116. What is the highest common divisor of 209 and b?
19
Suppose -3 = -o + 12. Let b be ((-36)/o)/(6/(-20)). Calculate the highest common factor of b and 88.
8
Let a(n) = 2*n + 4. Let z be a(3). Let b = 123 - 125. Let w = z - b. What is the highest common factor of 96 and w?
12
Let l(k) = -2*k**3 - 19*k**2 - 13*k - 13. Let c be l(-9). Calculate the highest common divisor of c and 69.
23
Let n be ((-3)/2)/((-75)/2000). What is the highest common divisor of 55 and n?
5
Let u(y) = y + 119. Let a be u(0). Suppose 4*t - 4*m - a = 5, -3*m = -15. What is the greatest common factor of 12 and t?
12
Suppose -4*a + 360 = 5*a. Calculate the highest common factor of 88 and a.
8
Suppose -3*u = 2*t - 39 - 20, -3*t + 82 = -2*u. What is the greatest common divisor of t and 210?
14
Suppose 0 = 3*g - d + 2, 5*g + d - 2 = 4*d. Let y = 0 - g. Let j = 3 - -13. What is the greatest common factor of j and y?
2
Let p be (-273)/((-15)/40*-4). Let k = p + 269. Let a = k + -7. Calculate the greatest common divisor of 10 and a.
10
Let d be (-1 - 13)*(-10)/10. Let x = -4 + 9. Suppose x*y - 308 = 3*y. What is the greatest common divisor of d and y?
14
Suppose -450 = -5*b + m, -4*b = -9*m + 11*m - 360. Calculate the highest common divisor of b and 10.
10
Suppose 0 = k - 16*k + 405. Suppose s + 4 = 3. Let r be (s + 7)/((-2)/(-6)). Calculate the highest common factor of k and r.
9
Let z be ((-2640)/10)/(-12) + -1 + 1. Calculate the greatest common divisor of 143 and z.
11
Suppose -2*r = 5*m + 10, -6 = 3*r - 5*r + 3*m. Suppose 2*p + 162 - 910 = r. What is the greatest common factor of 34 and p?
34
Let o be 6 - (0 - (11 + -1)). What is the greatest common factor of 400 and o?
16
Let a(h) = -h**3 + 6*h**2 - 5 + 15*h - 2*h**2 - 2*h + 1. Let u be a(5). Calculate the greatest common divisor of 60 and u.
12
Let b(r) = 2*r**2 - 5. Let m be b(-4). Let z = m + 13. What is the highest common divisor of z and 30?
10
Suppose 39*s = 41*s + 22. Let o(z) = z**3 + 12*z**2 + 5*z + 24. Let q be o(s). Calculate the greatest common factor of 10 and q.
10
Let w(n) = -2*n - 45. Suppose -61*z + 57*z = 100. Let t be w(z). Calculate the greatest common factor of t and 20.
5
Let k be ((-123)/(-6))/(1/4). Let s = k + -37. What is the greatest common divisor of 315 and s?
45
Suppose 19 = -3*z + 2*r, -z + 1 = -r + 4*r. Let j = 8 - z. Let c(i) = -i**3 - 9*i**2 + 5*i + 15. Let x be c(-10). What is the highest common factor of j and x?
13
Let d(y) = -y + 51. Let t be d(18). Suppose 2*o = 7*o - 55. Calculate the highest common factor of o and t.
11
Let g(m) = m**2 - 27*m + 50. Let w be g(28). Calculate the greatest common factor of 104 and w.
26
Suppose 0 = -3*b + 132 + 48. Let z = -8 + 9. Let x be (-32)/208 - ((-160)/26)/z. Calculate the greatest common divisor of b and x.
6
Suppose -4*v + 500 = 5*g - 215, -335 = -2*v + 5*g. What is the greatest common divisor of 315 and v?
35
Suppose -469 = -2*n - 359. Calculate the highest common factor of 209 and n.
11
Let c = 286 + -283. What is the greatest common divisor of 33 and c?
3
Let g be (-34)/(-4) + (-24)/(-16). Let v(d) = d**2 + 6*d + 10. Let j be v(-4). Suppose -7*r + 100 = -j*r. Calculate the highest common divisor of r and g.
10
Suppose 9*o = -0*o + 234. Let p = 48 + -34. Suppose p = -2*d + 274. What is the highest common factor of d and o?
26
Suppose 0 = -2*k - 5*z + 3*z + 328, k = 2*z + 176. Let r be 0 + 5/(15/72). What is the highest common divisor of r and k?
24
Suppose 6*c - 375 = -a + 11*c, -5*c = -5*a + 1935. What is the highest common divisor of a and 120?
30
Let l = -1928 + 1968. What is the highest common divisor of l and 1880?
40
Let b = 11 - 0. Let i = b + -7. Let a be -1 - -13 - 476/119. What is the highest common divisor of a and i?
4
Let l(z) = 12*z - 2. Let y be l(8). Suppose -14 = -i + y. Suppose 2*m - 4*m = -i. Calculate the greatest common factor of m and 135.
27
Let n(d) = d - 3. Let h(p) = p - 2. Let f(x) = -7*h(x) + 5*n(x). Let a be f(-5). What is the greatest common divisor of a and 18?
9
Let m = -25 + 37. Let k(z) = z**3 - 12*z**2 - z + 17. Let d be k(m). Suppose 0 = d*o + 12 - 57. What is the greatest common divisor of 45 and o?
9
Let d(m) = -2*m**2 + 15*m - 1. Let p be d(6). Let b = p + -13. Suppose 0 = n - 5*n + 128. Calculate the highest common factor of n and b.
4
Let f = -5 + -19. Let k = -17 - f. What is the greatest common divisor of k and 91?
7
Let b be 4*(-9)/(-12)*1. Let y(c) = 6*c**2 - 4*c**2 + 6*c - b + 2*c**2 - 3*c**2. Let f be y(-7). What is the greatest common divisor of 10 and f?
2
Let d = 129 - 112. Suppose 3*y - 6 = y. Suppose 269 = 3*v - y*i - 133, 4*v = i + 542. What is the highest common factor of d and v?
17
Let d be (-42)/(-4)*(-210)/(-63). Calculate the greatest common divisor of d and 315.
35
Let a(m) = -m**2 + 12*m + 10. Let t be a(10). Let u be (-232)/(-12) + -2 + 16/6. Calculate the greatest common divisor of u and t.
10
Let c = 122 + -71. Suppose 3*h = -3*j + 117, 5*j - 213*h = -214*h + 175. What is the greatest common factor of j and c?
17
Suppose -27*i = -32*i + 60. Let r = 0 - 8. Let z be 1/(2/(-4)) - r. Calculate the highest common divisor of z and i.
6
Suppose -13*b = -4159 - 1925. What is the greatest common factor of 13 and b?
13
Let t be (-4 - -87) + 2 + 2. Let d = t - 25. Suppose -d - 34 = -2*r. What is the highest common divisor of 32 and r?
16
Let q(m) = -8*m + 8. Let a(z) = -z**2 - 1. Let i(p) = -a(p) - q(p). Let g be i(-9). Suppose -13 = g*l - 73. Calculate the greatest common divisor of 12 and l.
6
Let 